 greatest common factor of 18 and f.
6
Suppose 3*h + 12 = 0, -3*z + 2*h - 6*h - 43 = 0. Let b = 13 + z. Calculate the greatest common factor of b and 2.
2
Let v = 36 + -21. Let t be ((-12)/(-21))/(4/14). Suppose -t*z + 180 = z. Calculate the highest common divisor of v and z.
15
Let y be ((-96)/(-56))/((-4)/(-70)). Suppose 2*v = -2*w + 30 - 8, 0 = 4*w - 5*v - 80. Calculate the highest common divisor of y and w.
15
Suppose -4*r = -5*r + 10. Suppose 3*f = s - f, 2*s + 2*f = r. What is the highest common divisor of 36 and s?
4
Suppose -3*n + 6 = -3. What is the highest common divisor of 27 and n?
3
Suppose 3 = l - 2. Let z(m) = -m**2 + m + 4. Let a(y) = -y. Let q(r) = a(r) - z(r). Let o be q(l). What is the highest common divisor of o and 11?
11
Let f(k) = -15*k - 3. Suppose 2*l - 8 = 6*l. Let t be f(l). Calculate the greatest common divisor of 3 and t.
3
Let p be 1/15*3*65. Calculate the greatest common factor of 65 and p.
13
Let g = -89 + 111. Calculate the highest common factor of g and 242.
22
Suppose 72 = m + 16. What is the highest common factor of 16 and m?
8
Let i be (-2)/6 + (-356)/3. Let j = i - -199. Calculate the highest common factor of j and 32.
16
Suppose -j + l - 30 = 4*l, -2*j - 3*l = 48. Let o be (-61)/(-3) - 12/j. Calculate the highest common factor of 3 and o.
3
Let d = 151 + -109. Calculate the greatest common divisor of d and 70.
14
Let y be (-13)/((3 - 1)/(-2)). Calculate the greatest common factor of y and 13.
13
Let t(d) = d**3 - 3*d**2 - d - 2. Let y be t(4). Let k be -5 + 6/3 - -5. Suppose k*h - 1 = 79. What is the greatest common factor of y and h?
10
Suppose 4*f - 3*m + 39 = 0, 3*m - 6*m = -5*f - 45. Let p be (-14)/(-3) + 4/f. Calculate the greatest common divisor of 4 and p.
4
Suppose 0 = -j - 3*j + 48. Suppose 2*v = 4*x + 2, -3*v - 5*x + 6 = -8. Calculate the highest common factor of j and v.
3
Suppose 0*w - 4 = -w. Suppose 21 - 77 = -w*a. Suppose f + 2*m = 106, m + 328 - 38 = 3*f. What is the greatest common divisor of a and f?
14
Let q = -388 - -276. Let a = -77 - q. Suppose 5*n - 140 = -a. Calculate the greatest common divisor of n and 231.
21
Let b(s) = 3*s**2 - 16*s - 4. Let x(h) = h**2 - 8*h - 2. Let f(t) = -2*b(t) + 5*x(t). Let z be f(-6). Calculate the highest common divisor of 50 and z.
10
Suppose 0 = 4*c + 7 - 91. Suppose -f + 13 = -2*r, -16 = -4*r - 0*r. Calculate the greatest common factor of f and c.
21
Let u be -15 + 6 + -3 + -2. Let a = u + 20. Calculate the highest common factor of a and 30.
6
Let v(d) = d - 2. Let a be v(4). Suppose 3*q = -a*x - 17 + 85, 0 = q + 2*x - 24. Calculate the greatest common factor of q and 22.
22
Suppose -7*m = -3*m. Let r = 5 + 8. Suppose c + x - r = m, -5*c + 15 = -2*c - 3*x. Calculate the highest common divisor of c and 45.
9
Let g(n) = n**2 + 10*n - 6. Let a be g(6). What is the greatest common divisor of a and 18?
18
Let o(q) = 4*q**2 + 6*q - 8. Let g be o(7). Let w be (-2)/11 + g/55. Let i be (-4)/5*15/(-2). What is the highest common factor of w and i?
2
Suppose 168 = -4*r + r. Let h = r + 133. Calculate the greatest common factor of 11 and h.
11
Suppose h - t = 46, 3*t = -t - 16. Calculate the highest common factor of h and 28.
14
Suppose 0 = -3*v - o + 261, 0*o + 4*o + 276 = 3*v. Calculate the highest common factor of v and 8.
8
Suppose 538 = 2*w + 3*f - 12, -4*w = -5*f - 1100. What is the highest common factor of 25 and w?
25
Let a(t) = 21*t - 9. Let b be a(4). Let i = 20 + -5. What is the highest common factor of b and i?
15
Let y = 42 + -24. Let p be 55/10*2*-1. Let v = p - -17. Calculate the greatest common factor of v and y.
6
Suppose -4*u - 2 = -2*u - 4*m, -4*m - 8 = -4*u. Calculate the greatest common factor of 45 and u.
5
Let u be 17 + -1 + 1 + 0. Suppose -4*b - 106 = -2*h, -h - 2*b + 202 = 3*h. What is the greatest common factor of h and u?
17
Let r(c) = -c**2 - 8*c - 3. Let i be r(-5). What is the greatest common factor of i and 18?
6
Suppose -2 = -3*q + 4. Suppose -2*u + 420 = q*u. Calculate the highest common factor of u and 42.
21
Let m(f) = f + 12. Let q be m(-6). What is the highest common divisor of q and 3?
3
Let i be (-13 - -10)/(6/(-100)) - 1. What is the highest common divisor of 392 and i?
49
Let j = 74 - 39. Suppose 4*a - 31 = 5*h - 0*h, 0 = 3*a + h - 47. Calculate the greatest common divisor of j and a.
7
Let n be (11 - 0)/((-2)/(-14)). Let m be 1/(-3) - 44/(-6). Calculate the greatest common factor of m and n.
7
Let z(p) = 4*p - 16. Let v be z(7). What is the greatest common factor of v and 12?
12
Let v be 3/6*6 + 2. Suppose -k = -v*k. Suppose k = -j + 3*j - 286. Calculate the highest common factor of 13 and j.
13
Let y(z) = -z**3 + 2*z**2 + 2*z + 10. Let u be y(0). What is the highest common factor of 5 and u?
5
Let r(f) be the second derivative of f**4/12 - 2*f**3/3 + 5*f**2/2 + 4*f. Let j be r(6). Calculate the greatest common divisor of j and 68.
17
Suppose -9*k = -12*k + 12. What is the highest common factor of k and 4?
4
Suppose 12 = d + 3*d. Let x be (-4 + 3)/((-1)/10). Suppose -d*t + x = -t. Calculate the greatest common divisor of 40 and t.
5
Let c be (-3 + 5 - 3) + 1. Suppose -3*g + c*g = -99. What is the highest common divisor of g and 3?
3
Let s(l) = 4*l**2 + l - 1. Suppose 5*k - 6 = w, 2*k - 12 = -2*w - 0*w. Let m be s(k). Calculate the greatest common divisor of 17 and m.
17
Let f = 18 + -24. Let q be 9/(9/(-2))*f. What is the greatest common divisor of 12 and q?
12
Let n be (290/25)/(1/5). Let r = n - 33. What is the greatest common divisor of 225 and r?
25
Suppose 19 = 3*u + 1. Calculate the highest common factor of u and 48.
6
Suppose 3*n - 6*n = 0. Suppose -2*x + 43 - 11 = n. What is the greatest common divisor of 8 and x?
8
Let s(t) = -2*t - 1. Let m be s(-2). Let k = -12 + 7. Let h(p) = p**2 + 4*p + 7. Let g be h(k). Calculate the greatest common divisor of m and g.
3
Let s = -5 + 10. Suppose -3*p + 4 = -s*p. Let u be p - (3/(-3) - 76). Calculate the greatest common divisor of u and 30.
15
Suppose -n - 2*n = 177. Let m = n + 91. Calculate the highest common divisor of 80 and m.
16
Let f be (6/(-7))/((-8)/224). Calculate the greatest common divisor of 24 and f.
24
Suppose -2*i + 4*n - 12 = 0, -5*i + 5*n = -0*n + 10. Let t be (-6)/((-3)/(21/i)). Calculate the highest common factor of t and 168.
21
Suppose -4*l + 3 = -3*l. Suppose 89 = 5*d + l*w, 4*w = -2*d - 3*d + 92. Suppose 9 + 15 = 3*n. What is the highest common factor of d and n?
8
Suppose -u = -3*d - 14 - 15, 2*u - 53 = 5*d. What is the greatest common factor of 35 and u?
7
Suppose 3*d - 8*d - 8 = 4*y, d - 2*y = -10. Let p = d - -10. Suppose -2*t - 4 = -p. What is the greatest common factor of t and 2?
1
Let l = -1247 - -1762. Suppose -l = -5*v + 340. Suppose 5*q + 3*k - 606 = 0, q + k = -49 + v. Calculate the highest common factor of 15 and q.
15
Suppose -v = -10 - 4. Calculate the highest common factor of v and 154.
14
Suppose g + 14 = 5*h, h = g + 1 + 5. Let j = 5 + -2. What is the highest common divisor of j and h?
1
Let y = -69 - -113. What is the greatest common divisor of y and 66?
22
Let g = 0 + -2. Let d = 4 + g. Suppose d*c + 14 = 2*z, 2*z - 22 = -3*c - 3. What is the greatest common factor of z and 88?
8
Let r = 58 - 38. Calculate the greatest common divisor of 20 and r.
20
Let f = 128 - 39. Suppose -33 = 2*t - f. Let h = -33 + 40. What is the greatest common divisor of t and h?
7
Let d be 0 + -26*(3/6)/(-1). What is the greatest common divisor of d and 143?
13
Suppose d + 3*z = 254, 3*d = -d + 5*z + 948. What is the highest common factor of 22 and d?
22
Let w be ((-100)/14)/(1/(-7)). Calculate the greatest common divisor of 20 and w.
10
Suppose -4*r + 572 = -0*r. Suppose 97 = 5*q - r. Let y(w) = w + 1. Let d be y(11). What is the highest common divisor of q and d?
12
Let i be 1 - 1 - 6/(-1). Suppose -5*a = -2*a - 48. Suppose -5*y + a + 14 = 0. Calculate the highest common divisor of y and i.
6
Suppose -o + 3*o - 8 = 0. Suppose o*l - 22 = 18. Let n be 4 + 1 + (-10)/l. Calculate the greatest common divisor of n and 4.
4
Let p = 111 + -52. Let t be 12/(-2)*33/6. Let j = t + p. What is the highest common divisor of 65 and j?
13
Suppose 2*p - 191 = 3*m, -3*m = p - 7*m - 103. What is the greatest common factor of p and 13?
13
Let j be -1 - (-3)/((-3)/(-3)